{"id":115,"date":"2023-12-30T17:05:52","date_gmt":"2023-12-30T16:05:52","guid":{"rendered":"https:\/\/www.domainedebregancon.com\/?page_id=115"},"modified":"2023-12-30T17:05:52","modified_gmt":"2023-12-30T16:05:52","slug":"grenache-noir","status":"publish","type":"page","link":"https:\/\/www.domainedebregancon.com\/?page_id=115","title":{"rendered":"Grenache noir"},"content":{"rendered":"<p><strong>Synonymie<\/strong> : Le Grenache noir est connu sous plusieurs appellations : Alicante, Bois Jaune, Carignane Rousse, Redondal, Roussillon, Sans Pareil, Tinto, et divers autres noms selon les r\u00e9gions et les pays, tels que l&rsquo;Espagne ou la France.<\/p>\n<p><strong>Historique et Aire G\u00e9ographique<\/strong> : Originaire d&rsquo;Espagne, probablement d&rsquo;Aragon, le Grenache a acquis sa r\u00e9putation \u00e0 travers le vin rouge du camp de Carinena en Aragon. Il s&rsquo;est ensuite r\u00e9pandu en Espagne, en France (notamment en Roussillon, Languedoc, Vaucluse, et Provence), ainsi qu&rsquo;en Alg\u00e9rie et en Tunisie.<\/p>\n<p><img decoding=\"async\" class=\"size-medium wp-image-118 alignright\" src=\"https:\/\/www.domainedebregancon.com\/wp-content\/uploads\/2023\/12\/Grenache-noir-gravure-Ampelographie-Viala-Vermorel-T6-209x300.jpg\" alt=\"\" width=\"209\" height=\"300\" srcset=\"https:\/\/www.domainedebregancon.com\/wp-content\/uploads\/2023\/12\/Grenache-noir-gravure-Ampelographie-Viala-Vermorel-T6-209x300.jpg 209w, https:\/\/www.domainedebregancon.com\/wp-content\/uploads\/2023\/12\/Grenache-noir-gravure-Ampelographie-Viala-Vermorel-T6-714x1024.jpg 714w, https:\/\/www.domainedebregancon.com\/wp-content\/uploads\/2023\/12\/Grenache-noir-gravure-Ampelographie-Viala-Vermorel-T6-768x1102.jpg 768w, https:\/\/www.domainedebregancon.com\/wp-content\/uploads\/2023\/12\/Grenache-noir-gravure-Ampelographie-Viala-Vermorel-T6.jpg 1024w\" sizes=\"(max-width: 209px) 100vw, 209px\" \/><\/p>\n<p><strong>Description Physique<\/strong> : Le Grenache se caract\u00e9rise par une souche vigoureuse, un port \u00e9rig\u00e9, des bourgeons gros et larges \u00e0 la base, des rameaux allong\u00e9s et forts, ainsi que des feuilles de dimensions moyennes, l\u00e9g\u00e8rement asym\u00e9triques, et largement ondul\u00e9es. Les grappes sont de taille moyenne, ail\u00e9es, et les grains sont noirs, bien pruin\u00e9s, et de forme l\u00e9g\u00e8rement ellipso\u00efde.<\/p>\n<p><strong>Culture<\/strong> : Le Grenache porte son fruit principalement sur les sarments issus des bourgeons de la base des coursons. Il n\u00e9cessite une taille courte \u00e0 deux yeux et r\u00e9siste bien \u00e0 diverses conditions climatiques. La s\u00e9lection des boutures est essentielle pour \u00e9viter des probl\u00e8mes comme la coulure.<\/p>\n<p><strong>Vinification<\/strong> : Les vins de Grenache sont vari\u00e9s et peuvent \u00eatre class\u00e9s en trois groupes. Ils sont utilis\u00e9s dans la composition d&rsquo;enc\u00e9pagement, la production de vins de coupage, et la fabrication de vins de liqueur. Ces vins sont caract\u00e9ris\u00e9s par un haut degr\u00e9 alcoolique, une richesse en extrait, glyc\u00e9rine, et sels de potasse.<\/p>\n<p>&nbsp;<\/p>\n","protected":false},"excerpt":{"rendered":"<p>Synonymie : Le Grenache noir est connu sous plusieurs appellations : Alicante, Bois Jaune, Carignane Rousse, Redondal, Roussillon, Sans Pareil, Tinto, et divers autres noms selon les r\u00e9gions et les pays, tels que l&rsquo;Espagne ou la France. Historique et Aire G\u00e9ographique : Originaire d&rsquo;Espagne, probablement d&rsquo;Aragon, le Grenache a acquis sa r\u00e9putation \u00e0 travers le [&hellip;]<\/p>\n","protected":false},"author":1,"featured_media":0,"parent":0,"menu_order":0,"comment_status":"closed","ping_status":"closed","template":"","meta":{"footnotes":""},"class_list":["post-115","page","type-page","status-publish","hentry"],"yoast_head":"<!-- This site is optimized with the Yoast SEO plugin v26.4 - https:\/\/yoast.com\/wordpress\/plugins\/seo\/ -->\n<title>Grenache noir - Domaine de Br\u00e9gan\u00e7on - Viticulture et agriculture - 1816<\/title>\n<meta name=\"robots\" content=\"index, follow, max-snippet:-1, max-image-preview:large, max-video-preview:-1\" \/>\n<link rel=\"canonical\" href=\"https:\/\/www.domainedebregancon.com\/?page_id=115\" \/>\n<meta property=\"og:locale\" content=\"fr_FR\" \/>\n<meta property=\"og:type\" content=\"article\" \/>\n<meta property=\"og:title\" content=\"Grenache noir - Domaine de Br\u00e9gan\u00e7on - Viticulture et agriculture - 1816\" \/>\n<meta property=\"og:description\" content=\"Synonymie : Le Grenache noir est connu sous plusieurs appellations : Alicante, Bois Jaune, Carignane Rousse, Redondal, Roussillon, Sans Pareil, Tinto, et divers autres noms selon les r\u00e9gions et les pays, tels que l&rsquo;Espagne ou la France. Historique et Aire G\u00e9ographique : Originaire d&rsquo;Espagne, probablement d&rsquo;Aragon, le Grenache a acquis sa r\u00e9putation \u00e0 travers le [&hellip;]\" \/>\n<meta property=\"og:url\" content=\"https:\/\/www.domainedebregancon.com\/?page_id=115\" \/>\n<meta property=\"og:site_name\" content=\"Domaine de Br\u00e9gan\u00e7on - Viticulture et agriculture - 1816\" \/>\n<meta property=\"article:publisher\" content=\"https:\/\/www.facebook.com\/profile.php?id=100091526043313\" \/>\n<meta property=\"og:image\" content=\"https:\/\/www.domainedebregancon.com\/wp-content\/uploads\/2023\/12\/Grenache-noir-gravure-Ampelographie-Viala-Vermorel-T6-209x300.jpg\" \/>\n<meta name=\"twitter:card\" content=\"summary_large_image\" \/>\n<meta name=\"twitter:site\" content=\"@bregancond\" \/>\n<meta name=\"twitter:label1\" content=\"Dur\u00e9e de lecture estim\u00e9e\" \/>\n\t<meta name=\"twitter:data1\" content=\"2 minutes\" \/>\n<script type=\"application\/ld+json\" class=\"yoast-schema-graph\">{\"@context\":\"https:\/\/schema.org\",\"@graph\":[{\"@type\":\"WebPage\",\"@id\":\"https:\/\/www.domainedebregancon.com\/?page_id=115\",\"url\":\"https:\/\/www.domainedebregancon.com\/?page_id=115\",\"name\":\"Grenache noir - Domaine de Br\u00e9gan\u00e7on - Viticulture et agriculture - 1816\",\"isPartOf\":{\"@id\":\"https:\/\/www.domainedebregancon.com\/#website\"},\"primaryImageOfPage\":{\"@id\":\"https:\/\/www.domainedebregancon.com\/?page_id=115#primaryimage\"},\"image\":{\"@id\":\"https:\/\/www.domainedebregancon.com\/?page_id=115#primaryimage\"},\"thumbnailUrl\":\"https:\/\/www.domainedebregancon.com\/wp-content\/uploads\/2023\/12\/Grenache-noir-gravure-Ampelographie-Viala-Vermorel-T6-209x300.jpg\",\"datePublished\":\"2023-12-30T16:05:52+00:00\",\"breadcrumb\":{\"@id\":\"https:\/\/www.domainedebregancon.com\/?page_id=115#breadcrumb\"},\"inLanguage\":\"fr-FR\",\"potentialAction\":[{\"@type\":\"ReadAction\",\"target\":[\"https:\/\/www.domainedebregancon.com\/?page_id=115\"]}]},{\"@type\":\"ImageObject\",\"inLanguage\":\"fr-FR\",\"@id\":\"https:\/\/www.domainedebregancon.com\/?page_id=115#primaryimage\",\"url\":\"https:\/\/www.domainedebregancon.com\/wp-content\/uploads\/2023\/12\/Grenache-noir-gravure-Ampelographie-Viala-Vermorel-T6.jpg\",\"contentUrl\":\"https:\/\/www.domainedebregancon.com\/wp-content\/uploads\/2023\/12\/Grenache-noir-gravure-Ampelographie-Viala-Vermorel-T6.jpg\",\"width\":1024,\"height\":1469,\"caption\":\"grenache noir grappe\"},{\"@type\":\"BreadcrumbList\",\"@id\":\"https:\/\/www.domainedebregancon.com\/?page_id=115#breadcrumb\",\"itemListElement\":[{\"@type\":\"ListItem\",\"position\":1,\"name\":\"Accueil\",\"item\":\"https:\/\/www.domainedebregancon.com\/\"},{\"@type\":\"ListItem\",\"position\":2,\"name\":\"Grenache noir\"}]},{\"@type\":\"WebSite\",\"@id\":\"https:\/\/www.domainedebregancon.com\/#website\",\"url\":\"https:\/\/www.domainedebregancon.com\/\",\"name\":\"Domaine de Br\u00e9gan\u00e7on\",\"description\":\"\",\"publisher\":{\"@id\":\"https:\/\/www.domainedebregancon.com\/#organization\"},\"potentialAction\":[{\"@type\":\"SearchAction\",\"target\":{\"@type\":\"EntryPoint\",\"urlTemplate\":\"https:\/\/www.domainedebregancon.com\/?s={search_term_string}\"},\"query-input\":{\"@type\":\"PropertyValueSpecification\",\"valueRequired\":true,\"valueName\":\"search_term_string\"}}],\"inLanguage\":\"fr-FR\"},{\"@type\":\"Organization\",\"@id\":\"https:\/\/www.domainedebregancon.com\/#organization\",\"name\":\"DOMAINE DE BREGANCON\",\"url\":\"https:\/\/www.domainedebregancon.com\/\",\"logo\":{\"@type\":\"ImageObject\",\"inLanguage\":\"fr-FR\",\"@id\":\"https:\/\/www.domainedebregancon.com\/#\/schema\/logo\/image\/\",\"url\":\"https:\/\/www.domainedebregancon.com\/wp-content\/uploads\/2023\/01\/Logo-Domaine-de-Bregancon-1.png\",\"contentUrl\":\"https:\/\/www.domainedebregancon.com\/wp-content\/uploads\/2023\/01\/Logo-Domaine-de-Bregancon-1.png\",\"width\":737,\"height\":150,\"caption\":\"DOMAINE DE BREGANCON\"},\"image\":{\"@id\":\"https:\/\/www.domainedebregancon.com\/#\/schema\/logo\/image\/\"},\"sameAs\":[\"https:\/\/www.facebook.com\/profile.php?id=100091526043313\",\"https:\/\/x.com\/bregancond\",\"https:\/\/instagram.com\/domaine_de_bregancon\",\"https:\/\/www.linkedin.com\/company\/domaine-de-brganon\/\"]}]}<\/script>\n<!-- \/ Yoast SEO plugin. -->","yoast_head_json":{"title":"Grenache noir - Domaine de Br\u00e9gan\u00e7on - Viticulture et agriculture - 1816","robots":{"index":"index","follow":"follow","max-snippet":"max-snippet:-1","max-image-preview":"max-image-preview:large","max-video-preview":"max-video-preview:-1"},"canonical":"https:\/\/www.domainedebregancon.com\/?page_id=115","og_locale":"fr_FR","og_type":"article","og_title":"Grenache noir - Domaine de Br\u00e9gan\u00e7on - Viticulture et agriculture - 1816","og_description":"Synonymie : Le Grenache noir est connu sous plusieurs appellations : Alicante, Bois Jaune, Carignane Rousse, Redondal, Roussillon, Sans Pareil, Tinto, et divers autres noms selon les r\u00e9gions et les pays, tels que l&rsquo;Espagne ou la France. Historique et Aire G\u00e9ographique : Originaire d&rsquo;Espagne, probablement d&rsquo;Aragon, le Grenache a acquis sa r\u00e9putation \u00e0 travers le [&hellip;]","og_url":"https:\/\/www.domainedebregancon.com\/?page_id=115","og_site_name":"Domaine de Br\u00e9gan\u00e7on - Viticulture et agriculture - 1816","article_publisher":"https:\/\/www.facebook.com\/profile.php?id=100091526043313","og_image":[{"url":"https:\/\/www.domainedebregancon.com\/wp-content\/uploads\/2023\/12\/Grenache-noir-gravure-Ampelographie-Viala-Vermorel-T6-209x300.jpg","type":"","width":"","height":""}],"twitter_card":"summary_large_image","twitter_site":"@bregancond","twitter_misc":{"Dur\u00e9e de lecture estim\u00e9e":"2 minutes"},"schema":{"@context":"https:\/\/schema.org","@graph":[{"@type":"WebPage","@id":"https:\/\/www.domainedebregancon.com\/?page_id=115","url":"https:\/\/www.domainedebregancon.com\/?page_id=115","name":"Grenache noir - Domaine de Br\u00e9gan\u00e7on - Viticulture et agriculture - 1816","isPartOf":{"@id":"https:\/\/www.domainedebregancon.com\/#website"},"primaryImageOfPage":{"@id":"https:\/\/www.domainedebregancon.com\/?page_id=115#primaryimage"},"image":{"@id":"https:\/\/www.domainedebregancon.com\/?page_id=115#primaryimage"},"thumbnailUrl":"https:\/\/www.domainedebregancon.com\/wp-content\/uploads\/2023\/12\/Grenache-noir-gravure-Ampelographie-Viala-Vermorel-T6-209x300.jpg","datePublished":"2023-12-30T16:05:52+00:00","breadcrumb":{"@id":"https:\/\/www.domainedebregancon.com\/?page_id=115#breadcrumb"},"inLanguage":"fr-FR","potentialAction":[{"@type":"ReadAction","target":["https:\/\/www.domainedebregancon.com\/?page_id=115"]}]},{"@type":"ImageObject","inLanguage":"fr-FR","@id":"https:\/\/www.domainedebregancon.com\/?page_id=115#primaryimage","url":"https:\/\/www.domainedebregancon.com\/wp-content\/uploads\/2023\/12\/Grenache-noir-gravure-Ampelographie-Viala-Vermorel-T6.jpg","contentUrl":"https:\/\/www.domainedebregancon.com\/wp-content\/uploads\/2023\/12\/Grenache-noir-gravure-Ampelographie-Viala-Vermorel-T6.jpg","width":1024,"height":1469,"caption":"grenache noir grappe"},{"@type":"BreadcrumbList","@id":"https:\/\/www.domainedebregancon.com\/?page_id=115#breadcrumb","itemListElement":[{"@type":"ListItem","position":1,"name":"Accueil","item":"https:\/\/www.domainedebregancon.com\/"},{"@type":"ListItem","position":2,"name":"Grenache noir"}]},{"@type":"WebSite","@id":"https:\/\/www.domainedebregancon.com\/#website","url":"https:\/\/www.domainedebregancon.com\/","name":"Domaine de Br\u00e9gan\u00e7on","description":"","publisher":{"@id":"https:\/\/www.domainedebregancon.com\/#organization"},"potentialAction":[{"@type":"SearchAction","target":{"@type":"EntryPoint","urlTemplate":"https:\/\/www.domainedebregancon.com\/?s={search_term_string}"},"query-input":{"@type":"PropertyValueSpecification","valueRequired":true,"valueName":"search_term_string"}}],"inLanguage":"fr-FR"},{"@type":"Organization","@id":"https:\/\/www.domainedebregancon.com\/#organization","name":"DOMAINE DE BREGANCON","url":"https:\/\/www.domainedebregancon.com\/","logo":{"@type":"ImageObject","inLanguage":"fr-FR","@id":"https:\/\/www.domainedebregancon.com\/#\/schema\/logo\/image\/","url":"https:\/\/www.domainedebregancon.com\/wp-content\/uploads\/2023\/01\/Logo-Domaine-de-Bregancon-1.png","contentUrl":"https:\/\/www.domainedebregancon.com\/wp-content\/uploads\/2023\/01\/Logo-Domaine-de-Bregancon-1.png","width":737,"height":150,"caption":"DOMAINE DE BREGANCON"},"image":{"@id":"https:\/\/www.domainedebregancon.com\/#\/schema\/logo\/image\/"},"sameAs":["https:\/\/www.facebook.com\/profile.php?id=100091526043313","https:\/\/x.com\/bregancond","https:\/\/instagram.com\/domaine_de_bregancon","https:\/\/www.linkedin.com\/company\/domaine-de-brganon\/"]}]}},"jetpack_sharing_enabled":true,"_links":{"self":[{"href":"https:\/\/www.domainedebregancon.com\/index.php?rest_route=\/wp\/v2\/pages\/115","targetHints":{"allow":["GET"]}}],"collection":[{"href":"https:\/\/www.domainedebregancon.com\/index.php?rest_route=\/wp\/v2\/pages"}],"about":[{"href":"https:\/\/www.domainedebregancon.com\/index.php?rest_route=\/wp\/v2\/types\/page"}],"author":[{"embeddable":true,"href":"https:\/\/www.domainedebregancon.com\/index.php?rest_route=\/wp\/v2\/users\/1"}],"replies":[{"embeddable":true,"href":"https:\/\/www.domainedebregancon.com\/index.php?rest_route=%2Fwp%2Fv2%2Fcomments&post=115"}],"version-history":[{"count":1,"href":"https:\/\/www.domainedebregancon.com\/index.php?rest_route=\/wp\/v2\/pages\/115\/revisions"}],"predecessor-version":[{"id":122,"href":"https:\/\/www.domainedebregancon.com\/index.php?rest_route=\/wp\/v2\/pages\/115\/revisions\/122"}],"wp:attachment":[{"href":"https:\/\/www.domainedebregancon.com\/index.php?rest_route=%2Fwp%2Fv2%2Fmedia&parent=115"}],"curies":[{"name":"wp","href":"https:\/\/api.w.org\/{rel}","templated":true}]}}