{"id":123,"date":"2023-12-30T17:05:08","date_gmt":"2023-12-30T16:05:08","guid":{"rendered":"https:\/\/www.domainedebregancon.com\/?page_id=123"},"modified":"2023-12-30T17:05:30","modified_gmt":"2023-12-30T16:05:30","slug":"cinsault","status":"publish","type":"page","link":"https:\/\/www.domainedebregancon.com\/?page_id=123","title":{"rendered":"Cinsault"},"content":{"rendered":"<p><strong>Synonymie<\/strong> : Le Cinsault est connu sous diverses appellations, incluant Morterille, Cuviller, Cinqsaut, Prunella, Milhaud, et d&rsquo;autres, refl\u00e9tant sa pr\u00e9sence dans diff\u00e9rentes r\u00e9gions de France, ainsi qu&rsquo;en Alg\u00e9rie.<\/p>\n<p><strong>Historique et Aire G\u00e9ographique<\/strong> : Pr\u00e9sent depuis longtemps dans le sud de la France, particuli\u00e8rement en Languedoc et en Provence, l&rsquo;origine du Cinsault est ancienne et son identification a \u00e9t\u00e9 compliqu\u00e9e par des confusions avec d&rsquo;autres vari\u00e9t\u00e9s.<\/p>\n<p><img decoding=\"async\" class=\"size-medium wp-image-117 alignright\" src=\"https:\/\/www.domainedebregancon.com\/wp-content\/uploads\/2023\/12\/Cinsault-gravure-Ampelographie-Viala-Vermorel-T6-208x300.jpg\" alt=\"\" width=\"208\" height=\"300\" srcset=\"https:\/\/www.domainedebregancon.com\/wp-content\/uploads\/2023\/12\/Cinsault-gravure-Ampelographie-Viala-Vermorel-T6-208x300.jpg 208w, https:\/\/www.domainedebregancon.com\/wp-content\/uploads\/2023\/12\/Cinsault-gravure-Ampelographie-Viala-Vermorel-T6-709x1024.jpg 709w, https:\/\/www.domainedebregancon.com\/wp-content\/uploads\/2023\/12\/Cinsault-gravure-Ampelographie-Viala-Vermorel-T6-768x1109.jpg 768w, https:\/\/www.domainedebregancon.com\/wp-content\/uploads\/2023\/12\/Cinsault-gravure-Ampelographie-Viala-Vermorel-T6.jpg 1024w\" sizes=\"(max-width: 208px) 100vw, 208px\" \/><\/p>\n<p><strong>Description et Culture<\/strong> : Le Cinsault se distingue par son port de coteau et sa pr\u00e9f\u00e9rence pour les sols caillouteux, argilo-siliceux, et chauds. Il ne prosp\u00e8re pas en plaine, o\u00f9 il perd ses qualit\u00e9s. Il s&rsquo;accommode bien avec d&rsquo;autres c\u00e9pages fins du Languedoc comme l&rsquo;Aspiran et la Clairette.<\/p>\n<p>&nbsp;<\/p>\n<p><strong>Vinification et Utilisation<\/strong> : Le Cinsault produit un vin moelleux, fin, et d\u00e9licat, d&rsquo;une belle couleur rouge. Il joue un r\u00f4le cl\u00e9 dans les assemblages, affinant le produit. Il est \u00e9galement appr\u00e9ci\u00e9 comme raisin de table, notamment en Alg\u00e9rie et dans le Midi de la France.<\/p>\n<p><strong>Physionomie Propre<\/strong> : Le Cinsault poss\u00e8de une physionomie distinctive, avec une souche vigoureuse, des bourgeons gros, des rameaux allong\u00e9s et forts, des feuilles moyennes et quinqu\u00e9lob\u00e9es, et des fruits formant des grappes longues et cylindriques. Les grains sont ovo\u00efdes, de qualit\u00e9 sup\u00e9rieure, avec une chair fondante.<\/p>\n<p>&nbsp;<\/p>\n","protected":false},"excerpt":{"rendered":"<p>Synonymie : Le Cinsault est connu sous diverses appellations, incluant Morterille, Cuviller, Cinqsaut, Prunella, Milhaud, et d&rsquo;autres, refl\u00e9tant sa pr\u00e9sence dans diff\u00e9rentes r\u00e9gions de France, ainsi qu&rsquo;en Alg\u00e9rie. Historique et Aire G\u00e9ographique : Pr\u00e9sent depuis longtemps dans le sud de la France, particuli\u00e8rement en Languedoc et en Provence, l&rsquo;origine du Cinsault est ancienne et son [&hellip;]<\/p>\n","protected":false},"author":1,"featured_media":0,"parent":0,"menu_order":0,"comment_status":"closed","ping_status":"closed","template":"","meta":{"footnotes":""},"class_list":["post-123","page","type-page","status-publish","hentry"],"yoast_head":"<!-- This site is optimized with the Yoast SEO plugin v26.4 - https:\/\/yoast.com\/wordpress\/plugins\/seo\/ -->\n<title>Cinsault - Domaine de Br\u00e9gan\u00e7on - Viticulture et agriculture - 1816<\/title>\n<meta name=\"robots\" content=\"index, follow, max-snippet:-1, max-image-preview:large, max-video-preview:-1\" \/>\n<link rel=\"canonical\" href=\"https:\/\/www.domainedebregancon.com\/?page_id=123\" \/>\n<meta property=\"og:locale\" content=\"fr_FR\" \/>\n<meta property=\"og:type\" content=\"article\" \/>\n<meta property=\"og:title\" content=\"Cinsault - Domaine de Br\u00e9gan\u00e7on - Viticulture et agriculture - 1816\" \/>\n<meta property=\"og:description\" content=\"Synonymie : Le Cinsault est connu sous diverses appellations, incluant Morterille, Cuviller, Cinqsaut, Prunella, Milhaud, et d&rsquo;autres, refl\u00e9tant sa pr\u00e9sence dans diff\u00e9rentes r\u00e9gions de France, ainsi qu&rsquo;en Alg\u00e9rie. Historique et Aire G\u00e9ographique : Pr\u00e9sent depuis longtemps dans le sud de la France, particuli\u00e8rement en Languedoc et en Provence, l&rsquo;origine du Cinsault est ancienne et son [&hellip;]\" \/>\n<meta property=\"og:url\" content=\"https:\/\/www.domainedebregancon.com\/?page_id=123\" \/>\n<meta property=\"og:site_name\" content=\"Domaine de Br\u00e9gan\u00e7on - Viticulture et agriculture - 1816\" \/>\n<meta property=\"article:publisher\" content=\"https:\/\/www.facebook.com\/profile.php?id=100091526043313\" \/>\n<meta property=\"article:modified_time\" content=\"2023-12-30T16:05:30+00:00\" \/>\n<meta property=\"og:image\" content=\"https:\/\/www.domainedebregancon.com\/wp-content\/uploads\/2023\/12\/Cinsault-gravure-Ampelographie-Viala-Vermorel-T6-208x300.jpg\" \/>\n<meta name=\"twitter:card\" content=\"summary_large_image\" \/>\n<meta name=\"twitter:site\" content=\"@bregancond\" \/>\n<meta name=\"twitter:label1\" content=\"Dur\u00e9e de lecture estim\u00e9e\" \/>\n\t<meta name=\"twitter:data1\" content=\"2 minutes\" \/>\n<script type=\"application\/ld+json\" class=\"yoast-schema-graph\">{\"@context\":\"https:\/\/schema.org\",\"@graph\":[{\"@type\":\"WebPage\",\"@id\":\"https:\/\/www.domainedebregancon.com\/?page_id=123\",\"url\":\"https:\/\/www.domainedebregancon.com\/?page_id=123\",\"name\":\"Cinsault - Domaine de Br\u00e9gan\u00e7on - Viticulture et agriculture - 1816\",\"isPartOf\":{\"@id\":\"https:\/\/www.domainedebregancon.com\/#website\"},\"primaryImageOfPage\":{\"@id\":\"https:\/\/www.domainedebregancon.com\/?page_id=123#primaryimage\"},\"image\":{\"@id\":\"https:\/\/www.domainedebregancon.com\/?page_id=123#primaryimage\"},\"thumbnailUrl\":\"https:\/\/www.domainedebregancon.com\/wp-content\/uploads\/2023\/12\/Cinsault-gravure-Ampelographie-Viala-Vermorel-T6-208x300.jpg\",\"datePublished\":\"2023-12-30T16:05:08+00:00\",\"dateModified\":\"2023-12-30T16:05:30+00:00\",\"breadcrumb\":{\"@id\":\"https:\/\/www.domainedebregancon.com\/?page_id=123#breadcrumb\"},\"inLanguage\":\"fr-FR\",\"potentialAction\":[{\"@type\":\"ReadAction\",\"target\":[\"https:\/\/www.domainedebregancon.com\/?page_id=123\"]}]},{\"@type\":\"ImageObject\",\"inLanguage\":\"fr-FR\",\"@id\":\"https:\/\/www.domainedebregancon.com\/?page_id=123#primaryimage\",\"url\":\"https:\/\/www.domainedebregancon.com\/wp-content\/uploads\/2023\/12\/Cinsault-gravure-Ampelographie-Viala-Vermorel-T6.jpg\",\"contentUrl\":\"https:\/\/www.domainedebregancon.com\/wp-content\/uploads\/2023\/12\/Cinsault-gravure-Ampelographie-Viala-Vermorel-T6.jpg\",\"width\":1024,\"height\":1479,\"caption\":\"cinsault grappe\"},{\"@type\":\"BreadcrumbList\",\"@id\":\"https:\/\/www.domainedebregancon.com\/?page_id=123#breadcrumb\",\"itemListElement\":[{\"@type\":\"ListItem\",\"position\":1,\"name\":\"Accueil\",\"item\":\"https:\/\/www.domainedebregancon.com\/\"},{\"@type\":\"ListItem\",\"position\":2,\"name\":\"Cinsault\"}]},{\"@type\":\"WebSite\",\"@id\":\"https:\/\/www.domainedebregancon.com\/#website\",\"url\":\"https:\/\/www.domainedebregancon.com\/\",\"name\":\"Domaine de Br\u00e9gan\u00e7on\",\"description\":\"\",\"publisher\":{\"@id\":\"https:\/\/www.domainedebregancon.com\/#organization\"},\"potentialAction\":[{\"@type\":\"SearchAction\",\"target\":{\"@type\":\"EntryPoint\",\"urlTemplate\":\"https:\/\/www.domainedebregancon.com\/?s={search_term_string}\"},\"query-input\":{\"@type\":\"PropertyValueSpecification\",\"valueRequired\":true,\"valueName\":\"search_term_string\"}}],\"inLanguage\":\"fr-FR\"},{\"@type\":\"Organization\",\"@id\":\"https:\/\/www.domainedebregancon.com\/#organization\",\"name\":\"DOMAINE DE BREGANCON\",\"url\":\"https:\/\/www.domainedebregancon.com\/\",\"logo\":{\"@type\":\"ImageObject\",\"inLanguage\":\"fr-FR\",\"@id\":\"https:\/\/www.domainedebregancon.com\/#\/schema\/logo\/image\/\",\"url\":\"https:\/\/www.domainedebregancon.com\/wp-content\/uploads\/2023\/01\/Logo-Domaine-de-Bregancon-1.png\",\"contentUrl\":\"https:\/\/www.domainedebregancon.com\/wp-content\/uploads\/2023\/01\/Logo-Domaine-de-Bregancon-1.png\",\"width\":737,\"height\":150,\"caption\":\"DOMAINE DE BREGANCON\"},\"image\":{\"@id\":\"https:\/\/www.domainedebregancon.com\/#\/schema\/logo\/image\/\"},\"sameAs\":[\"https:\/\/www.facebook.com\/profile.php?id=100091526043313\",\"https:\/\/x.com\/bregancond\",\"https:\/\/instagram.com\/domaine_de_bregancon\",\"https:\/\/www.linkedin.com\/company\/domaine-de-brganon\/\"]}]}<\/script>\n<!-- \/ Yoast SEO plugin. -->","yoast_head_json":{"title":"Cinsault - Domaine de Br\u00e9gan\u00e7on - Viticulture et agriculture - 1816","robots":{"index":"index","follow":"follow","max-snippet":"max-snippet:-1","max-image-preview":"max-image-preview:large","max-video-preview":"max-video-preview:-1"},"canonical":"https:\/\/www.domainedebregancon.com\/?page_id=123","og_locale":"fr_FR","og_type":"article","og_title":"Cinsault - Domaine de Br\u00e9gan\u00e7on - Viticulture et agriculture - 1816","og_description":"Synonymie : Le Cinsault est connu sous diverses appellations, incluant Morterille, Cuviller, Cinqsaut, Prunella, Milhaud, et d&rsquo;autres, refl\u00e9tant sa pr\u00e9sence dans diff\u00e9rentes r\u00e9gions de France, ainsi qu&rsquo;en Alg\u00e9rie. Historique et Aire G\u00e9ographique : Pr\u00e9sent depuis longtemps dans le sud de la France, particuli\u00e8rement en Languedoc et en Provence, l&rsquo;origine du Cinsault est ancienne et son [&hellip;]","og_url":"https:\/\/www.domainedebregancon.com\/?page_id=123","og_site_name":"Domaine de Br\u00e9gan\u00e7on - Viticulture et agriculture - 1816","article_publisher":"https:\/\/www.facebook.com\/profile.php?id=100091526043313","article_modified_time":"2023-12-30T16:05:30+00:00","og_image":[{"url":"https:\/\/www.domainedebregancon.com\/wp-content\/uploads\/2023\/12\/Cinsault-gravure-Ampelographie-Viala-Vermorel-T6-208x300.jpg","type":"","width":"","height":""}],"twitter_card":"summary_large_image","twitter_site":"@bregancond","twitter_misc":{"Dur\u00e9e de lecture estim\u00e9e":"2 minutes"},"schema":{"@context":"https:\/\/schema.org","@graph":[{"@type":"WebPage","@id":"https:\/\/www.domainedebregancon.com\/?page_id=123","url":"https:\/\/www.domainedebregancon.com\/?page_id=123","name":"Cinsault - Domaine de Br\u00e9gan\u00e7on - Viticulture et agriculture - 1816","isPartOf":{"@id":"https:\/\/www.domainedebregancon.com\/#website"},"primaryImageOfPage":{"@id":"https:\/\/www.domainedebregancon.com\/?page_id=123#primaryimage"},"image":{"@id":"https:\/\/www.domainedebregancon.com\/?page_id=123#primaryimage"},"thumbnailUrl":"https:\/\/www.domainedebregancon.com\/wp-content\/uploads\/2023\/12\/Cinsault-gravure-Ampelographie-Viala-Vermorel-T6-208x300.jpg","datePublished":"2023-12-30T16:05:08+00:00","dateModified":"2023-12-30T16:05:30+00:00","breadcrumb":{"@id":"https:\/\/www.domainedebregancon.com\/?page_id=123#breadcrumb"},"inLanguage":"fr-FR","potentialAction":[{"@type":"ReadAction","target":["https:\/\/www.domainedebregancon.com\/?page_id=123"]}]},{"@type":"ImageObject","inLanguage":"fr-FR","@id":"https:\/\/www.domainedebregancon.com\/?page_id=123#primaryimage","url":"https:\/\/www.domainedebregancon.com\/wp-content\/uploads\/2023\/12\/Cinsault-gravure-Ampelographie-Viala-Vermorel-T6.jpg","contentUrl":"https:\/\/www.domainedebregancon.com\/wp-content\/uploads\/2023\/12\/Cinsault-gravure-Ampelographie-Viala-Vermorel-T6.jpg","width":1024,"height":1479,"caption":"cinsault grappe"},{"@type":"BreadcrumbList","@id":"https:\/\/www.domainedebregancon.com\/?page_id=123#breadcrumb","itemListElement":[{"@type":"ListItem","position":1,"name":"Accueil","item":"https:\/\/www.domainedebregancon.com\/"},{"@type":"ListItem","position":2,"name":"Cinsault"}]},{"@type":"WebSite","@id":"https:\/\/www.domainedebregancon.com\/#website","url":"https:\/\/www.domainedebregancon.com\/","name":"Domaine de Br\u00e9gan\u00e7on","description":"","publisher":{"@id":"https:\/\/www.domainedebregancon.com\/#organization"},"potentialAction":[{"@type":"SearchAction","target":{"@type":"EntryPoint","urlTemplate":"https:\/\/www.domainedebregancon.com\/?s={search_term_string}"},"query-input":{"@type":"PropertyValueSpecification","valueRequired":true,"valueName":"search_term_string"}}],"inLanguage":"fr-FR"},{"@type":"Organization","@id":"https:\/\/www.domainedebregancon.com\/#organization","name":"DOMAINE DE BREGANCON","url":"https:\/\/www.domainedebregancon.com\/","logo":{"@type":"ImageObject","inLanguage":"fr-FR","@id":"https:\/\/www.domainedebregancon.com\/#\/schema\/logo\/image\/","url":"https:\/\/www.domainedebregancon.com\/wp-content\/uploads\/2023\/01\/Logo-Domaine-de-Bregancon-1.png","contentUrl":"https:\/\/www.domainedebregancon.com\/wp-content\/uploads\/2023\/01\/Logo-Domaine-de-Bregancon-1.png","width":737,"height":150,"caption":"DOMAINE DE BREGANCON"},"image":{"@id":"https:\/\/www.domainedebregancon.com\/#\/schema\/logo\/image\/"},"sameAs":["https:\/\/www.facebook.com\/profile.php?id=100091526043313","https:\/\/x.com\/bregancond","https:\/\/instagram.com\/domaine_de_bregancon","https:\/\/www.linkedin.com\/company\/domaine-de-brganon\/"]}]}},"jetpack_sharing_enabled":true,"_links":{"self":[{"href":"https:\/\/www.domainedebregancon.com\/index.php?rest_route=\/wp\/v2\/pages\/123","targetHints":{"allow":["GET"]}}],"collection":[{"href":"https:\/\/www.domainedebregancon.com\/index.php?rest_route=\/wp\/v2\/pages"}],"about":[{"href":"https:\/\/www.domainedebregancon.com\/index.php?rest_route=\/wp\/v2\/types\/page"}],"author":[{"embeddable":true,"href":"https:\/\/www.domainedebregancon.com\/index.php?rest_route=\/wp\/v2\/users\/1"}],"replies":[{"embeddable":true,"href":"https:\/\/www.domainedebregancon.com\/index.php?rest_route=%2Fwp%2Fv2%2Fcomments&post=123"}],"version-history":[{"count":3,"href":"https:\/\/www.domainedebregancon.com\/index.php?rest_route=\/wp\/v2\/pages\/123\/revisions"}],"predecessor-version":[{"id":126,"href":"https:\/\/www.domainedebregancon.com\/index.php?rest_route=\/wp\/v2\/pages\/123\/revisions\/126"}],"wp:attachment":[{"href":"https:\/\/www.domainedebregancon.com\/index.php?rest_route=%2Fwp%2Fv2%2Fmedia&parent=123"}],"curies":[{"name":"wp","href":"https:\/\/api.w.org\/{rel}","templated":true}]}}